False
Let q = 37 - 35. Suppose -5*r = -2*k + 7*k - 3190, -q*k = -2*r - 1288. Is k prime?
True
Let h(q) = 3*q**3 + 70*q**2 - 98*q + 29. Is h(28) a prime number?
False
Let m = 4298 - -4997. Let u = m + -5916. Let c = u - 2152. Is c a composite number?
True
Suppose 2*s + 9595 = 7*s + 5*z, 2*s + z = 3834. Let g = -632 - -639. Suppose g*d = 234 + s. Is d prime?
True
Suppose 36 = -3*v + 6*v + 3*d, v - d - 16 = 0. Suppose v*b = b - 39. Is b + 4 - ((-20 - -1) + -3) composite?
False
Suppose 15*z = -4*b + 13*z + 22, 5*b - 4*z - 21 = 0. Suppose -w - 2*i + 835 = -0*i, -b*i - 835 = -w. Is w a composite number?
True
Suppose 47 = -3*j + 5*j + 5*c, -2*j = -3*c - 39. Let g(m) = 8 + 0*m - j*m - 4*m. Is g(-9) a composite number?
False
Is 105/(-60)*-4 + 4 + 1179234 a composite number?
True
Let w = -10917 + 44990. Is w a prime number?
False
Is (-193844726)/(-950) + (-2)/25 + 0 a composite number?
False
Let x(s) = 277*s - 4529. Let h be x(12). Let i = 2286 + -588. Let t = h + i. Is t a composite number?
True
Is (-228)/54 - 10/(-45) - -24947 prime?
True
Let s = 221 + -147. Suppose -64*r - 239170 = -s*r. Is r prime?
True
Let p = 109176 - 59267. Is p prime?
False
Suppose -67*g + 2865030 = 562508. Is g composite?
True
Suppose 16*v = -h + 14*v - 653, 0 = 3*h + 2*v + 1943. Let b be (-32)/6*(-2148)/(-8). Let z = h - b. Is z composite?
False
Is (-432)/(-2376) - (-1)/(22/2960778) prime?
True
Suppose 3*m - f - 192812 = 0, -4*m + 3*f = -f - 257080. Is m a prime number?
True
Let q be 8/6 + 50/30. Let x = q + -3. Suppose -4*s + s + 9111 = x. Is s prime?
True
Suppose 4*o = -f + 97382, -2*o + 22723 = 3*f - 25953. Is o a composite number?
True
Is ((-10)/(-15))/(18/12166659) composite?
False
Suppose -5*z + 5331 = l, -2*z - 3*l = -4*l - 2138. Let r be -3 + z/5 + 3/5. Suppose -3*n - 271 = -5*y, -3*y - 5*n + r = 62. Is y composite?
False
Let o(y) = -48*y**3 + 4*y**2 + 5*y - 12. Let q be o(-5). Suppose -5*c + q = -2*k, k = -3*c + 4*k + 3636. Is c a composite number?
False
Let q(t) = 60*t**2 - 9. Let r be q(-9). Suppose 2*o - r = z, 8*o - 3*o - 12141 = -2*z. Is o a prime number?
False
Let b = -3280107 - -5357390. Is b a prime number?
False
Let j be 4/(-12)*-14*(84 + 3). Suppose -16*r - j = -23*r. Is (r/4)/(6/84 + 0) a composite number?
True
Let h be (-334)/(-10) + 14/(-35). Suppose -h*z = -4*z - 189109. Is z prime?
True
Let l(i) = 35*i**2 + 36*i + 5. Let w(v) = 6*v**2 + 9*v - 9. Let p be w(1). Is l(p) a composite number?
False
Let i(d) = -2*d + 40. Let q be i(18). Suppose 0 = -2*b - 2*l + 4, -3*b - 2*l = 2*l - q. Suppose b*n = -5*n + 11034. Is n composite?
True
Suppose 5*w - 4*m = 249297, -3*w + 149583 = -243*m + 240*m. Is w a prime number?
True
Suppose 16 + 74 = 5*b. Let x be (-18)/(-8) - b/72. Suppose q - 1143 = -x*y, 5*q = 5*y - 2*y + 5767. Is q prime?
True
Let d(m) = 81*m**2 + 70*m + 284. Is d(77) a composite number?
False
Suppose 192 + 278 = 2*b. Let z = 274 - b. Is z a composite number?
True
Suppose -3*c + q = -q + 4, -c + 17 = 3*q. Suppose -4*x = c*u - 290, -u + 5*x + 131 = -0*u. Let r = 388 - u. Is r a prime number?
False
Let l(w) = -w**2 + 12*w + 49. Let y be l(15). Let h = -24 - -40. Suppose h = -y*s, s + 10 - 1298 = -4*n. Is n composite?
True
Suppose 18*m - 20769567 = -9*m - 12*m. Is m a composite number?
True
Suppose -4*m - 2*x = -18902, -6*m + 14189 = -3*m + 4*x. Let h = m + 1216. Is h a prime number?
True
Let p(d) = -15*d - 2047. Let v(y) = 6 + 10*y - 7 - 10*y + y. Let i(o) = -p(o) - 6*v(o). Is i(0) a prime number?
True
Suppose -b = 1 + 3, -3*b + 3022 = -l. Let y = 4557 + l. Is y composite?
False
Let c(t) = -4072*t - 3697. Is c(-8) composite?
False
Let s = 284046 - 189995. Is s composite?
True
Let g be (-6)/2 - (121 - -6). Let m be 5/(g/4) - (-24)/(-13). Is (-3 - (-8)/m)/((-5)/265) prime?
False
Let a(v) = -20*v**2 - 13 + 9*v + 16*v**2 + 7*v**2. Let w be (14/28)/(2/44). Is a(w) a prime number?
True
Suppose -55 = -5*r + 2*o, -2*r + 3*r + 1 = -2*o. Suppose -r*k - 7 = -70. Is (-337)/((-1)/k - (4 + -4)) composite?
True
Suppose 0 = -20*g + 7385843 - 1654423. Is g a prime number?
False
Let q = -286 + 151. Let x = -460 - 366. Let v = q - x. Is v prime?
True
Is (-236772243)/(-684) - 6/(-8) prime?
False
Let d(c) = 236*c**2 - 55*c + 488. Is d(11) prime?
True
Let h(b) = 8*b**2 - b - 4. Let f(p) = -2*p + 12. Let u be f(7). Let x be h(u). Let j = x + 23. Is j a prime number?
True
Let q = -1234922 + 1765291. Is q a composite number?
True
Let t = 74 + -66. Suppose 68*f = 66*f + t. Suppose -f*j = -2*d + 436, 4*d + 3*j - j = 852. Is d a prime number?
False
Suppose 0 = 38*w + 17*w - 24*w - 7958785. Is w a prime number?
False
Is (-60)/(-18) + 210332/12 a composite number?
True
Is (-4 + 149064/(-8))/(-1) prime?
True
Let n = 69951 - 116853. Is (n/(-9))/(4/(-12) - -1) a composite number?
False
Let w(c) = 19861*c + 1392. Is w(7) a composite number?
False
Let s(v) = 1287*v**2 + 13*v - 22. Let m be s(2). Let q = m - -6427. Is q a prime number?
True
Let w = -15 + 18. Suppose 3*k + 6 = 7*x - w*x, 0 = -2*x + 6. Suppose 3*o = k*o + 161. Is o composite?
True
Let z = 18487 + -10004. Suppose -6*s - 89 + z = 0. Is s prime?
True
Is -3*(-4 + (-224276)/12)*598/26 a prime number?
False
Is -4*(27/9 - 21721) - 9 composite?
True
Let a(q) = 104*q**3 - 4*q**2 + 22*q - 219. Is a(8) a prime number?
False
Let s(o) = -2*o**2 + 2*o + 14. Let h be s(0). Is 11588/(-8)*h/(-7) composite?
False
Let d = 39792 - 11741. Is d composite?
False
Let f = 156 - 154. Suppose 4*b - 5262 = -f*b. Is b composite?
False
Let d = -5022 + 24853. Is d composite?
True
Let c(q) = 3948*q**2 - 52*q - 7. Is c(-8) composite?
False
Suppose -4*y + 5*r - 16 = 2*r, 5*y - 7 = -3*r. Is 1 + (3139 + 2)/3 - y prime?
True
Suppose -203*x - 1549624 = -211*x. Is x prime?
True
Let u be (6/(-24) - 15/4) + 3. Is u*(-766 - 15/(-3)) a prime number?
True
Suppose 59*s + 21*s + 40*s - 125595240 = 0. Is s composite?
False
Suppose -6069951 = -25*l - 402626. Is l a composite number?
True
Let c = -94912 + 223673. Is c prime?
True
Suppose 2*g = -g + 9. Suppose -1 = -g*a + 4*s, 0 = 5*a - 2*s - 5 - 6. Suppose 1251 = 5*w - 4*q, -4*w + 833 = a*q - 174. Is w a composite number?
False
Suppose 3*j - 5*k = 0, 4*j = -2*k - 3*k - 35. Let l(m) = m**2 + 5*m - 2. Let i be l(j). Is 306 + (-2)/(-3)*(-3)/i a prime number?
True
Suppose -4*c - 28 = 4*q, 2*c + 0*c = 4*q + 4. Let w be -2 - (-114)/22 - c/(-22). Is (-3*(-215)/(-45))/((-1)/w) a composite number?
False
Let w(x) = x**3 + 2*x**2 - 4*x + 14. Let r = 65 - 55. Suppose -l - 8 = -p - 2*l, -r = -5*p + 5*l. Is w(p) a prime number?
False
Suppose 4*h = 0, 2*j + 4*h = 3*h + 10. Suppose 0 = -5*r - j*a + 21955, r - 8*a = -3*a + 4391. Is r composite?
False
Let a(r) = 9119*r - 271. Is a(6) composite?
False
Suppose 8422962 = 274*r - 1838612. Is r a prime number?
False
Suppose -15 = b - 16, 10 = 2*c - 4*b. Suppose -2*v + 2*r - c*r + 3288 = 0, 5*v - 5*r = 8185. Is v prime?
False
Let i(o) = 1. Let t(u) = u**3 - 6*u**2 + u - 8. Let c be t(6). Let j(z) = -z**2 - 585. Let w(f) = c*i(f) - j(f). Is w(0) a prime number?
False
Let b = 160630 + -95423. Is b a composite number?
True
Suppose 5*s = -0*s - 3*s. Suppose s = -28*h + 30152 + 174164. Is h a prime number?
True
Suppose 2*n + 13158 = -5*p + 107493, -p + 4*n = -18889. Is p composite?
False
Let a be ((-15)/(-4))/((-22)/(-16) + -1). Let j(k) = -3*k + 35. Let p be j(a). Suppose 2*n + 4*b - 142 = 276, -3*n = -p*b - 594. Is n prime?
False
Let z = 41 + -25. Is 5/2*z/(-40)*-9793 prime?
False
Let j(v) = -6*v - 94. Let f be j(-19). Suppose -f = -4*b - 8, -3*z + b = -16344. Is z prime?
True
Is ((-3)/4)/(8/(-661216)) prime?
False
Suppose 126*k - 2408200 = 3927770 - 1097142. Is k prime?
False
Suppose 3*i + 9 = 4*l, l + 3*i + 6 = -3. Let q(m) = 18*m**2 + m + 23*m**2 + 31 - 15 - 40*m**2 - 14 + m**3. Is q(l) a composite number?
False
Let t(d) = d**2 - 4*d + 3. Let h be t(4). Suppose -7*x = -h*x - 8668. Is x a prime number?
False
Suppose 0 = -c - 5*k + 82141 - 3336, 394187 = 5*c - 2*k. Is c a prime number?
False
Let v = -1807 + 3534. Let k = 1080 + v. Is k composite?
True
Suppose -4*n + 37*i = 36*i - 1560866, 4*i = -5*n + 1951093. Is n a composite number?
True
Let t be ((-490)/(-3))/((-21)/(-9) - 2). Suppose -t = -3*z + 2*y, 5*z - 645 = z + y. Let v = 127 + z. Is v a prime number?
False
Let a(n) = 2061*n - 42. Let 